{"id":12440,"date":"2024-01-22T22:56:33","date_gmt":"2024-01-23T03:56:33","guid":{"rendered":"https:\/\/colsanjoc.edu.co\/web\/?page_id=12440"},"modified":"2024-01-24T16:12:01","modified_gmt":"2024-01-24T21:12:01","slug":"prae","status":"publish","type":"page","link":"https:\/\/colsanjoc.edu.co\/web\/proyectos-colsanjoc\/prae\/","title":{"rendered":"PRAE"},"content":{"rendered":"<div class=\"wpb-content-wrapper\"><p>[vc_row][vc_column][vc_text_separator title=\u00bbNuestro PRAE ColSanJoc 2024&#8243; color=\u00bbcustom\u00bb border_width=\u00bb5&#8243; accent_color=\u00bb#0fb500&#8243;][\/vc_column][\/vc_row][vc_row gap=\u00bb3&#8243; css=\u00bb.vc_custom_1705986823339{padding-top: 29px !important;padding-bottom: 29px !important;background-color: #2baa22 !important;}\u00bb el_class=\u00bbthim-university-top-icon\u00bb][vc_column width=\u00bb1\/6&#8243;]<div class=\"thim-widget-icon-box template-base\"><div class=\"wrapper-box-icon wrapper-line-heading text-left \" ><div class=\"smicon-box iconbox-top\" style=\"--icon-font-size:36px;--icon-color:#ffffff;--icon-width: 70px;\"><div class=\"boxes-icon\"><span class=\"inner-icon\"><span class=\"icon\"><i class=\"fa fa-twitch\"\"><\/i><\/span><\/span><\/span><\/div><div class=\"content-inner\"><div class=\"sc-heading article_heading\"><h2 class = \"heading__primary\" style=\"--title-color: #ffffff;--title-font-size: 18px;--title-font-weight: 700;\">Introducci\u00f3n:<\/h2><span class=\"line-heading\"><\/span><\/div><div class=\"desc-icon-box\"><div class=\"desc-content\" style=\"color: #000000;font-size: 12px;font-weight: normal;line-height: 19px;\">En el \u00e1mbito educativo, la Planificaci\u00f3n y Manejo Ambiental Escolar (PRAE) se posiciona como una iniciativa fundamental que trasciende las barreras de la ense\u00f1anza convencional. Esta estrategia no solo se adentra en la preservaci\u00f3n del entorno, sino que tambi\u00e9n se erige como un pilar para cultivar en los estudiantes la capacidad de ``Saber ser y saber construir``.<br \/>\nEn el Colegio San Jos\u00e9 de C\u00facuta, entendemos que el PRAE va m\u00e1s all\u00e1 de ser un simple programa; es una filosof\u00eda educativa que permea cada rinc\u00f3n de nuestra instituci\u00f3n, transformando la conciencia ambiental en una herramienta clave para el desarrollo integral.<\/div><\/div><\/div><\/div><\/div><\/div>[\/vc_column][vc_column width=\u00bb1\/6&#8243;]<div class=\"thim-widget-icon-box template-base\"><div class=\"wrapper-box-icon wrapper-line-heading text-left \" ><div class=\"smicon-box iconbox-top\" style=\"--icon-font-size:36px;--icon-color:#ffffff;--icon-width: 70px;\"><div class=\"boxes-icon\"><span class=\"inner-icon\"><span class=\"icon\"><i class=\"fa fa-twitch\"\"><\/i><\/span><\/span><\/span><\/div><div class=\"content-inner\"><div class=\"sc-heading article_heading\"><h2 class = \"heading__primary\" style=\"--title-color: #ffffff;--title-font-size: 18px;--title-font-weight: 700;\">\u00bfPara qu\u00e9 es?<\/h2><span class=\"line-heading\"><\/span><\/div><div class=\"desc-icon-box\"><div class=\"desc-content\" style=\"color: #000000;font-size: 12px;font-weight: normal;line-height: 19px;\">El PRAE tiene como prop\u00f3sito principal generar un cambio significativo en la relaci\u00f3n de la comunidad educativa con su entorno.<br \/>\nVa m\u00e1s all\u00e1 de las aulas, integrando la responsabilidad ambiental en el tejido mismo de la educaci\u00f3n.<br \/>\nEste enfoque no solo fortalece la conexi\u00f3n de los estudiantes con la naturaleza, sino que tambi\u00e9n les brinda las habilidades y conocimientos necesarios para enfrentar los desaf\u00edos ambientales actuales y futuros.<\/div><\/div><\/div><\/div><\/div><\/div>[\/vc_column][vc_column width=\u00bb1\/6&#8243;]<div class=\"thim-widget-icon-box template-base\"><div class=\"wrapper-box-icon wrapper-line-heading text-left \" ><div class=\"smicon-box iconbox-top\" style=\"--icon-font-size:36px;--icon-color:#ffffff;--icon-width: 70px;\"><div class=\"boxes-icon\"><span class=\"inner-icon\"><span class=\"icon\"><i class=\"fa fa-twitch\"\"><\/i><\/span><\/span><\/span><\/div><div class=\"content-inner\"><div class=\"sc-heading article_heading\"><h2 class = \"heading__primary\" style=\"--title-color: #ffffff;--title-font-size: 18px;--title-font-weight: 700;\">Objetivos:<\/h2><span class=\"line-heading\"><\/span><\/div><div class=\"desc-icon-box\"><div class=\"desc-content\" style=\"color: #000000;font-size: 12px;font-weight: normal;line-height: 19px;\">Los objetivos del PRAE en el Colegio San Jos\u00e9 de C\u00facuta son multidimensionales. Buscamos cultivar una conciencia ambiental arraigada en valores \u00e9ticos, promoviendo la participaci\u00f3n activa de estudiantes, docentes y personal administrativo.<br \/>\nAdem\u00e1s, se persigue la integraci\u00f3n transversal del PRAE en todas las asignaturas, reconociendo la importancia de abordar la sostenibilidad desde diversas perspectivas.<br \/>\nA trav\u00e9s de la implementaci\u00f3n de este programa, buscamos formar ciudadanos comprometidos con el cuidado del entorno y capaces de liderar iniciativas transformadoras.<\/div><\/div><\/div><\/div><\/div><\/div>[\/vc_column][vc_column width=\u00bb1\/6&#8243;]<div class=\"thim-widget-icon-box template-base\"><div class=\"wrapper-box-icon wrapper-line-heading text-left \" ><div class=\"smicon-box iconbox-top\" style=\"--icon-font-size:36px;--icon-color:#ffffff;--icon-width: 70px;\"><div class=\"boxes-icon\"><span class=\"inner-icon\"><span class=\"icon\"><i class=\"fa fa-twitch\"\"><\/i><\/span><\/span><\/span><\/div><div class=\"content-inner\"><div class=\"sc-heading article_heading\"><h2 class = \"heading__primary\" style=\"--title-color: #ffffff;--title-font-size: 18px;--title-font-weight: 700;\">Saber ser y saber construir:<\/h2><span class=\"line-heading\"><\/span><\/div><div class=\"desc-icon-box\"><div class=\"desc-content\" style=\"color: #000000;font-size: 12px;font-weight: normal;line-height: 19px;\">El lema ``Saber ser y saber construir`` encapsula la esencia del PRAE en nuestra instituci\u00f3n.<br \/>\nM\u00e1s all\u00e1 de adquirir conocimientos, se trata de desarrollar habilidades sociales, emocionales y \u00e9ticas en los estudiantes.<br \/>\nEl PRAE se convierte as\u00ed en un camino para construir ciudadanos responsables y conscientes, capaces de contribuir al bienestar colectivo a trav\u00e9s de acciones concretas y sostenibles.<\/div><\/div><\/div><\/div><\/div><\/div>[\/vc_column][vc_column width=\u00bb1\/6&#8243;]<div class=\"thim-widget-icon-box template-base\"><div class=\"wrapper-box-icon wrapper-line-heading text-left \" ><div class=\"smicon-box iconbox-top\" style=\"--icon-font-size:36px;--icon-color:#ffffff;--icon-width: 70px;\"><div class=\"boxes-icon\"><span class=\"inner-icon\"><span class=\"icon\"><i class=\"fa fa-twitch\"\"><\/i><\/span><\/span><\/span><\/div><div class=\"content-inner\"><div class=\"sc-heading article_heading\"><h2 class = \"heading__primary\" style=\"--title-color: #ffffff;--title-font-size: 18px;--title-font-weight: 700;\">El sentido de la transversalidad:<\/h2><span class=\"line-heading\"><\/span><\/div><div class=\"desc-icon-box\"><div class=\"desc-content\" style=\"color: #000000;font-size: 12px;font-weight: normal;line-height: 19px;\">La transversalidad del PRAE es un componente esencial en nuestra visi\u00f3n educativa.<br \/>\nA trav\u00e9s de esta integraci\u00f3n, buscamos que los principios ambientales permeen todas las \u00e1reas de estudio, fomentando una comprensi\u00f3n hol\u00edstica y promoviendo la interdisciplinariedad.<br \/>\nEsto no solo enriquece la experiencia educativa, sino que tambi\u00e9n prepara a nuestros estudiantes para abordar los desaf\u00edos ambientales de manera integral y colaborativa.<\/div><\/div><\/div><\/div><\/div><\/div>[\/vc_column][vc_column width=\u00bb1\/6&#8243; el_class=\u00bbthim-no-border\u00bb]<div class=\"thim-widget-icon-box template-base\"><div class=\"wrapper-box-icon wrapper-line-heading text-left \" ><div class=\"smicon-box iconbox-top\" style=\"--icon-font-size:36px;--icon-color:#ffffff;--icon-width: 70px;\"><div class=\"boxes-icon\"><span class=\"inner-icon\"><span class=\"icon\"><i class=\"fa fa-twitch\"\"><\/i><\/span><\/span><\/span><\/div><div class=\"content-inner\"><div class=\"sc-heading article_heading\"><h2 class = \"heading__primary\" style=\"--title-color: #ffffff;--title-font-size: 18px;--title-font-weight: 700;\">Planes de Mejoramiento:<\/h2><span class=\"line-heading\"><\/span><\/div><div class=\"desc-icon-box\"><div class=\"desc-content\" style=\"color: #000000;font-size: 12px;font-weight: normal;line-height: 19px;\">En el marco de los Planes de Mejoramiento de nuestra instituci\u00f3n educativa, el PRAE emerge como una herramienta estrat\u00e9gica para fortalecer la calidad educativa y promover un cambio positivo en la comunidad.<br \/>\nLos esfuerzos se enfocan en consolidar pr\u00e1cticas sostenibles, reforzar la participaci\u00f3n comunitaria y adaptar continuamente nuestras acciones para enfrentar los desaf\u00edos ambientales en constante evoluci\u00f3n.<\/div><\/div><\/div><\/div><\/div><\/div>[\/vc_column][\/vc_row][vc_row][vc_column][vc_column_text css=\u00bb.vc_custom_1705986151837{background-position: center !important;background-repeat: no-repeat !important;background-size: cover !important;}\u00bb]<span style=\"color: #000000;\"><strong>En resumen, el PRAE en el Colegio San Jos\u00e9 de C\u00facuta no solo es un programa; es un compromiso arraigado en nuestra identidad educativa, guiado por el prop\u00f3sito de formar ciudadanos conscientes, \u00e9ticos y capacitados para construir un futuro sostenible.<\/strong><\/span>[\/vc_column_text][\/vc_column][\/vc_row][vc_row][vc_column][vc_text_separator title=\u00bbComit\u00e9 PRAE 2024&#8243; color=\u00bbcustom\u00bb border_width=\u00bb5&#8243; accent_color=\u00bb#0fb500&#8243;][vc_column_text css=\u00bb.vc_custom_1705987132622{border-radius: 2px !important;}\u00bb]Estimada <strong>comunidad educativa<\/strong> del <span style=\"color: #008000;\"><strong>Colegio San Jos\u00e9 de C\u00facuta<\/strong><\/span>,<\/p>\n<p>Con profundo <strong>agradecimiento y compromiso<\/strong> por el bienestar de nuestro entorno, tengo el honor de dirigirme a ustedes. Es un placer presentarles a los <strong>profesores miembros del Comit\u00e9 PRAE (Planificaci\u00f3n y Manejo Ambiental Escolar)<\/strong>, un grupo excepcional de educadores comprometidos con la promoci\u00f3n de la conciencia <span style=\"color: #008000;\"><strong>ambiental<\/strong> <\/span>y la <strong><span style=\"color: #008000;\">sostenibilidad<\/span><\/strong> en nuestra <strong><span style=\"color: #008000;\">instituci\u00f3n<\/span><\/strong>.<\/p>\n<p>A continuaci\u00f3n, les presentamos a los destacados profesionales que conforman este comit\u00e9, quienes <strong>liderar\u00e1n y colaborar\u00e1n<\/strong> en iniciativas fundamentales para el cuidado de nuestro entorno y el fortalecimiento de una comunidad educativa comprometida con el <strong><span style=\"color: #008000;\">medio ambiente<\/span><\/strong>. Agradecemos sinceramente <strong>la dedicaci\u00f3n<\/strong> de estos docentes y confiamos en que su <span style=\"color: #993300;\"><strong>liderazgo<\/strong><\/span> inspire a toda la comunidad hacia la construcci\u00f3n de un <strong><span style=\"color: #008000;\">futuro<\/span><\/strong> m\u00e1s <span style=\"color: #008000;\"><strong>sostenible<\/strong><\/span>.<\/p>\n<p>Con gratitud,<\/p>\n<p><strong>Rectora Claudia Johana Torres Gamboa<\/strong>[\/vc_column_text][vc_column_text][\/vc_column_text][\/vc_column][\/vc_row][vc_row][vc_column width=\u00bb1\/2&#8243;][vc_column_text]<\/p>\n<h2><span style=\"color: #000000;\">Integrantes de nuestro Comit\u00e9 PRAE 2024<\/span><\/h2>\n<p>[\/vc_column_text][vc_column_text]<\/p>\n<ol>\n<li>VERJEL TARAZONA SARA ENIRTH<\/li>\n<li>TRUJILLO LEAL CARMEN<\/li>\n<li>OCHOA COSTERO DOMITILA<\/li>\n<li>ORTIZ EDWAR<\/li>\n<li>PINTO RIZO XIOMARA<\/li>\n<li>VALERO PORTILLA CLAUDIA STELLA<\/li>\n<li>MONSALVE MENESES EDDY ISABEL<\/li>\n<li>MORA CUBIDES DURLEY SILVANA<\/li>\n<li>MUN\u00c9VAR S\u00c1NCHEZ LEIVY ALEXANDRA<\/li>\n<li>RINC\u00d3N GARC\u00cdA EDDY ESPERANZA<\/li>\n<li>SEQUEDA MU\u00d1OZ NAYIBE<\/li>\n<li>ARAQUE RAMIREZ ROBERTO<\/li>\n<li>Ing EDGAR JOSE ROLON CAMARGO<\/li>\n<\/ol>\n<p>[\/vc_column_text][\/vc_column][vc_column width=\u00bb1\/2&#8243;][vc_column_text]<\/p>\n<h1>Acta # 001<\/h1>\n<p><a href=\"https:\/\/colsanjoc.edu.co\/web\/wp-content\/uploads\/2024\/01\/FORMATO_ACTA_DE__PRAE_2024.pdf\" target=\"_blank\" rel=\"noopener\"><span style=\"vertical-align: inherit;\"><span style=\"vertical-align: inherit;\">FORMATO_ACTA_DE__PRAE_2024<\/span><\/span><\/a><span style=\"vertical-align: inherit;\"><span style=\"vertical-align: inherit;\"> [\/vc_column_text][\/vc_column][\/vc_row][vc_row][vc_column][vc_text_separator title=\u00bbLos Proyectos Ambientales Escolares PRAE en Colombia\u00bb color=\u00bbcustom\u00bb border_width=\u00bb5&#8243; accent_color=\u00bb#eeee22&#8243;][vc_column_text css=\u00bb.vc_custom_1706130720507{border-radius: 2px !important;}\u00bb]Los Proyectos Ambientales Escolares (PRAE) en Colombia son iniciativas que buscan promover la educaci\u00f3n <span style=\"color: #008000;\"><strong>ambiental<\/strong><\/span> y <strong>la participaci\u00f3n activa de la comunidad educativa<\/strong> en la <strong><span style=\"color: #008000;\">conservaci\u00f3n<\/span><\/strong> y el <strong>manejo <span style=\"color: #008000;\">sostenible<\/span> del entorno<\/strong>. Estos proyectos se desarrollan en <strong><span style=\"color: #008000;\">instituciones educativas<\/span><\/strong> de todos los niveles, <span style=\"color: #993300;\"><strong>desde preescolar hasta educaci\u00f3n superior<\/strong><\/span>, y son una parte integral de la <strong><span style=\"color: #008000;\">pol\u00edtica ambiental<\/span> del pa\u00eds<\/strong>.<\/span><\/span><\/p>\n<p>Aqu\u00ed hay algunos aspectos clave relacionados con los PRAE en Colombia:<\/p>\n<ol>\n<li><strong>Marco Legal:<\/strong>\n<ul>\n<li>Los PRAE en Colombia est\u00e1n respaldados por el Ministerio de<strong><span style=\"color: #008000;\"> Ambiente<\/span><\/strong> y <span style=\"color: #008000;\"><strong>Desarrollo Sostenible<\/strong><\/span>, que establece las directrices y pol\u00edticas para su implementaci\u00f3n.<\/li>\n<\/ul>\n<\/li>\n<li><strong>Objetivos:<\/strong>\n<ul>\n<li>Los PRAE tienen como objetivo principal fomentar la <strong>conciencia<\/strong> <span style=\"color: #008000;\"><strong>ambiental<\/strong><\/span>, promover la participaci\u00f3n comunitaria y contribuir a la construcci\u00f3n de una <span style=\"color: #008000;\"><strong>cultura de sostenibilidad<\/strong><\/span>.<\/li>\n<li>Buscan incorporar la educaci\u00f3n ambiental de manera transversal en el curr\u00edculo escolar, abordando tem\u00e1ticas como el manejo de residuos, la conservaci\u00f3n de la biodiversidad, el uso eficiente de los recursos, entre otros.<\/li>\n<\/ul>\n<\/li>\n<li><strong>Participantes:<\/strong>\n<ul>\n<li>Los PRAE involucran a estudiantes, docentes, personal administrativo, padres de familia y, en algunos casos, a la comunidad local. La participaci\u00f3n activa de todos estos actores es fundamental para el <strong>\u00e9xito de los proyectos<\/strong>.<\/li>\n<\/ul>\n<\/li>\n<li><strong>Actividades y Proyectos:<\/strong>\n<ul>\n<li>Los PRAE desarrollan <strong>diversas actividades y proyectos<\/strong> que van desde la creaci\u00f3n de<strong> huertos escolares<\/strong>, la implementaci\u00f3n de estrategias para el <strong>ahorro de energ\u00eda y agua<\/strong>, hasta la organizaci\u00f3n de jornadas de<strong> limpieza<\/strong> y <strong><span style=\"color: #008000;\">reforestaci\u00f3n<\/span><\/strong>.<\/li>\n<li>Se fomenta la investigaci\u00f3n y la vinculaci\u00f3n de los proyectos ambientales con la realidad local de cada instituci\u00f3n.<\/li>\n<\/ul>\n<\/li>\n<li><strong>Integraci\u00f3n Curricular:<\/strong>\n<ul>\n<li>Se busca la integraci\u00f3n de los PRAE de manera <strong><span style=\"color: #993300;\">transversal<\/span><\/strong> en todas las <strong><span style=\"color: #993300;\">\u00e1reas curriculares<\/span><\/strong> para asegurar que los aspectos <strong><span style=\"color: #008000;\">ambientales<\/span><\/strong> sean <strong>abordados desde diversas perspectivas<\/strong>.<\/li>\n<\/ul>\n<\/li>\n<li><strong>Evaluaci\u00f3n y Seguimiento:<\/strong>\n<ul>\n<li>Los PRAE son evaluados peri\u00f3dicamente para medir su impacto y ajustar las estrategias seg\u00fan sea necesario. La participaci\u00f3n de los estudiantes en la evaluaci\u00f3n es com\u00fan para fomentar la responsabilidad y la conciencia cr\u00edtica.<\/li>\n<\/ul>\n<\/li>\n<li><strong>Resultados y Beneficios:<\/strong>\n<ul>\n<li>Los PRAE han demostrado contribuir significativamente a la formaci\u00f3n de ciudadanos m\u00e1s conscientes y comprometidos con la preservaci\u00f3n del <strong><span style=\"color: #008000;\">medio ambiente<\/span><\/strong>.<\/li>\n<li>Adem\u00e1s de los beneficios <strong><span style=\"color: #008000;\">ambientales<\/span><\/strong>, se observan mejoras en el sentido de pertenencia de los estudiantes hacia su instituci\u00f3n educativa y su entorno.<\/li>\n<\/ul>\n<\/li>\n<\/ol>\n<p>Los PRAE en Colombia reflejan el compromiso del pa\u00eds con la<strong><span style=\"color: #008000;\"> educaci\u00f3n ambiental<\/span><\/strong> como herramienta clave para construir sociedades m\u00e1s <strong><span style=\"color: #008000;\">sostenibles<\/span><\/strong> y conscientes de la importancia de cuidar el entorno.<\/p>\n<p><strong><span style=\"color: #993300;\">Archivo Guia:<\/span><\/strong> <a href=\"https:\/\/colsanjoc.edu.co\/web\/wp-content\/uploads\/2024\/01\/PRAE.pdf\" target=\"_blank\" rel=\"noopener\">PRAE<\/a>[\/vc_column_text][\/vc_column][\/vc_row]<\/p>\n<\/div>","protected":false},"excerpt":{"rendered":"<p>[vc_row][vc_column][vc_text_separator title=\u00bbNuestro PRAE ColSanJoc 2024&#8243; color=\u00bbcustom\u00bb border_width=\u00bb5&#8243; accent_color=\u00bb#0fb500&#8243;][\/vc_column][\/vc_row][vc_row gap=\u00bb3&#8243; css=\u00bb.vc_custom_1705986823339{padding-top: 29px !important;padding-bottom: 29px !important;background-color: #2baa22 !important;}\u00bb el_class=\u00bbthim-university-top-icon\u00bb][vc_column width=\u00bb1\/6&#8243;][\/vc_column][vc_column width=\u00bb1\/6&#8243;][\/vc_column][vc_column width=\u00bb1\/6&#8243;][\/vc_column][vc_column width=\u00bb1\/6&#8243;][\/vc_column][vc_column width=\u00bb1\/6&#8243;][\/vc_column][vc_column width=\u00bb1\/6&#8243; el_class=\u00bbthim-no-border\u00bb][\/vc_column][\/vc_row][vc_row][vc_column][vc_column_text css=\u00bb.vc_custom_1705986151837{background-position: center !important;background-repeat: no-repeat !important;background-size: cover !important;}\u00bb]En resumen, el PRAE en el Colegio San Jos\u00e9 de &hellip; <\/p>\n","protected":false},"author":9,"featured_media":0,"parent":12315,"menu_order":0,"comment_status":"closed","ping_status":"closed","template":"","meta":{"footnotes":""},"class_list":["post-12440","page","type-page","status-publish","hentry"],"_links":{"self":[{"href":"https:\/\/colsanjoc.edu.co\/web\/wp-json\/wp\/v2\/pages\/12440","targetHints":{"allow":["GET"]}}],"collection":[{"href":"https:\/\/colsanjoc.edu.co\/web\/wp-json\/wp\/v2\/pages"}],"about":[{"href":"https:\/\/colsanjoc.edu.co\/web\/wp-json\/wp\/v2\/types\/page"}],"author":[{"embeddable":true,"href":"https:\/\/colsanjoc.edu.co\/web\/wp-json\/wp\/v2\/users\/9"}],"replies":[{"embeddable":true,"href":"https:\/\/colsanjoc.edu.co\/web\/wp-json\/wp\/v2\/comments?post=12440"}],"version-history":[{"count":50,"href":"https:\/\/colsanjoc.edu.co\/web\/wp-json\/wp\/v2\/pages\/12440\/revisions"}],"predecessor-version":[{"id":12629,"href":"https:\/\/colsanjoc.edu.co\/web\/wp-json\/wp\/v2\/pages\/12440\/revisions\/12629"}],"up":[{"embeddable":true,"href":"https:\/\/colsanjoc.edu.co\/web\/wp-json\/wp\/v2\/pages\/12315"}],"wp:attachment":[{"href":"https:\/\/colsanjoc.edu.co\/web\/wp-json\/wp\/v2\/media?parent=12440"}],"curies":[{"name":"wp","href":"https:\/\/api.w.org\/{rel}","templated":true}]}}